 base 7, what is -15661 - 1112024?
-1131015
In base 2, what is -1111011011000001 - 1100001110001?
-10000111100110010
In base 9, what is -4 + 3275758?
3275754
In base 8, what is 337627 + 1514?
341343
In base 13, what is -2 - -12b2c7?
12b2c5
In base 14, what is b59c085 - -4?
b59c089
In base 12, what is 1 + -6581b6?
-6581b5
In base 13, what is 26166 - -a9?
26242
In base 14, what is -12111a - -11?
-121109
In base 13, what is -8c1c - -2ab6?
-6136
In base 4, what is 23 + 1301?
1330
In base 6, what is 34512 - 2033151?
-1554235
In base 9, what is -3765 + 1046?
-2718
In base 2, what is 1000110010111001010110011 - -1?
1000110010111001010110100
In base 16, what is 215749 + -2a?
21571f
In base 5, what is -101134 - -423423?
322234
In base 7, what is 365 - 63506300?
-63505602
In base 7, what is -5441 + -30252?
-36023
In base 3, what is 11121001202021 - -1?
11121001202022
In base 8, what is -223643347 + 1?
-223643346
In base 8, what is 2245322 + 53?
2245375
In base 15, what is -1ac8 + 30e?
-17b9
In base 11, what is -63137 - -31?
-63106
In base 12, what is -121b6 - -182a?
-10588
In base 2, what is -110001100110 - -10000011000011010?
1111100110110100
In base 11, what is -64a - -561?
-99
In base 16, what is -325e04 - 2?
-325e06
In base 12, what is -17619 - -b?
-1760a
In base 7, what is 6344 + 3344?
13021
In base 12, what is -36875 - -64?
-36811
In base 2, what is -1000001 + -10011111010000000?
-10011111011000001
In base 14, what is -3b5d + -218?
-3d77
In base 14, what is -244 + -67132?
-67376
In base 11, what is 0 - -9a4177?
9a4177
In base 12, what is 64a10 - -3?
64a13
In base 16, what is -213edb33 - -4?
-213edb2f
In base 7, what is 3 + 305524614?
305524620
In base 7, what is -345046 + 10104?
-334642
In base 3, what is 2 + -10100011122001?
-10100011121222
In base 7, what is -4 + -6036404311?
-6036404315
In base 14, what is -393b - 2943?
-6480
In base 3, what is 1220100011122121 + -1?
1220100011122120
In base 16, what is -cdf + a53?
-28c
In base 6, what is -542333 + 1445?
-540444
In base 6, what is -11314351412 - -5?
-11314351403
In base 13, what is 2483 - 2a?
2456
In base 16, what is 1 + 373786?
373787
In base 3, what is -1010212012 - 20202?
-1011002221
In base 7, what is 1030122660 + 1?
1030122661
In base 8, what is 37713134 + 3?
37713137
In base 16, what is -1135 - -1e0fc?
1cfc7
In base 11, what is 3349aa1 - 4a?
3349a52
In base 8, what is -2161320 + -31?
-2161351
In base 5, what is 2 + 240221102241?
240221102243
In base 7, what is 1326 - -21014?
22343
In base 6, what is -2413 - 14522?
-21335
In base 10, what is 36532511 - 6?
36532505
In base 11, what is 6 - a46169?
-a46163
In base 13, what is 2 - 21679cc?
-21679ca
In base 8, what is 15527 + 75361?
113110
In base 2, what is -1100001 - 100110001100010100111?
-100110001100100001000
In base 2, what is 1010000110010101000 + 1110101?
1010000110100011101
In base 14, what is 11 + 5bb041?
5bb052
In base 13, what is -11869 + 543b?
-942b
In base 9, what is 462060045 - -2?
462060047
In base 11, what is 28054a6 - -4?
28054aa
In base 14, what is 241ccd - -7?
241cd6
In base 6, what is -105 + -1004154234?
-1004154343
In base 7, what is -4 + 31034552?
31034545
In base 4, what is -3000110202 + 10?
-3000110132
In base 7, what is -15655 + 2066?
-13556
In base 3, what is -10012202120 - 102122?
-10020012012
In base 13, what is 1a124 + c1?
1a215
In base 4, what is -3 + -1012122121333?
-1012122122002
In base 6, what is -51435544520 + -3?
-51435544523
In base 9, what is 6 + -5152451?
-5152444
In base 12, what is 387 + 4266?
4631
In base 7, what is -1600 - -10164263?
10162363
In base 12, what is 15583 + 2474?
17a37
In base 6, what is 4411214 - 3?
4411211
In base 5, what is 310014 + 2024?
312043
In base 4, what is -130223 + -201313?
-332202
In base 5, what is -11 - 304424201?
-304424212
In base 5, what is 0 + -31132300143?
-31132300143
In base 14, what is 34c797 + -2?
34c795
In base 12, what is 397a093 - -2?
397a095
In base 4, what is -3221211 + 312?
-3220233
In base 8, what is -2 - 4701472?
-4701474
In base 16, what is 15 - -108863a?
108864f
In base 2, what is -101110111100100 + 100110101100?
-101010000111000
In base 4, what is 1 - 1033222020221?
-1033222020220
In base 14, what is -1002add7 - 7?
-1002b000
In base 2, what is -1 + -1110101101000101101110011100?
-1110101101000101101110011101
In base 4, what is -111101322 + -33312?
-111201300
In base 7, what is -136333 + 2063?
-134240
In base 16, what is 4a79eb1 - -4?
4a79eb5
In base 2, what is 100 - -11001011000110010111?
11001011000110011011
In base 14, what is a35521 + -c?
a35513
In base 12, what is 14 + 6004072?
6004086
In base 12, what is 347b1a - -8b?
347ba9
In base 15, what is 2317 - -945?
2c5c
In base 14, what is -11b38242 - 7?
-11b38249
In base 11, what is -558764 - -3?
-558761
In base 4, what is 12 - 1023301013?
-1023301001
In base 2, what is 11001010 + -100100110101001?
-100100011011111
In base 7, what is 265251 - 214?
265034
In base 13, what is 153b637 - 2b?
153b609
In base 16, what is 423 + e1d1?
e5f4
In base 10, what is 163694 + 2?
163696
In base 8, what is -1327174154 + 4?
-1327174150
In base 2, what is 10011101111100001 - -11100111?
10011110011001000
In base 15, what is 11399 - -307?
116a1
In base 9, what is -2182647 + 4?
-2182643
In base 11, what is 4 - 10413750?
-10413747
In base 4, what is 10 + -20300232003003?
-20300232002333
In base 8, what is -745473 - -14?
-745457
In base 16, what is -1e447d - 127?
-1e45a4
In base 11, what is 575836 - -15?
575850
In base 13, what is -421 + 768a8?
76487
In base 2, what is 100111001000 - -10000010110110110?
10000111101111110
In base 11, what is -8171 + -1292?
-9453
In base 4, what is 10232 + -3030321022?
-3030310130
In base 14, what is -22600c3 - 1b?
-2260100
In base 15, what is -12a9a - 35?
-12ad0
In base 3, what is 2002020 - 21001010?
-11221220
In base 8, what is 11 + -2533534?
-2533523
In base 8, what is 5604 - -1211?
7015
In base 4, what is -10 - 121331223001?
-121331223011
In base 3, what is -2 + -122101121012000101?
-122101121012000110
In base 13, what is 5 + -179b10?
-179b08
In base 12, what is -1b594284 + 3?
-1b594281
In base 12, what is -4 + 808aa?
808a6
In base 15, what is -3 + -35b9ed?
-35ba01
In base 7, what is 5534 - -1010300?
1016134
In base 14, what is -1d787 + -11c?
-1d8a5
In base 15, what is -4 - -4e6c2?
4e6bd
In base 8, what is 741516 - 103?
741413
In base 10, what is -429 + -1967?
-2396
In base 7, what is -330302005 - 13?
-330302021
In base 3, what is -1002 + -210000110?
-210001112
In base 3, what is 20210002221 - -210201?
20210220122
In base 13, what is 24b7 + 129?
2613
In base 16, what is -462e - -117?
-4517
In base 5, what is 132322423021 - 3?
132322423013
In base 8, what is -23763 - -3111?
-20652
In base 13, what is 192b98 - 0?
192b98
In base 16, what is -d - 34ec6b?
-34ec78
In base 13, what is 2 - -6b73c9?
6b73cb
In base 14, what is 1479 + d8?
1573
In base 14, what is 0 + -1622b9?
-1622b9
In base 13, what is -26b658 + -11?
-26b669
In base 7, what is -450254 - 553?
-451140
In base 13, what is -2359 - -b9?
-2270
In base 2, what is -1001011111011110111 + -101?
-1001011111011111100
In base 5, what is 13401 + -432141?
-413240
In base 7, what is -32 - 12526111?
-12526143
In base 10, what is -5 + 1200799?
1200794
In base 12, what is -227137 + -15?
-227150
In base 8, what is 17356 - 1177?
16157
In base 12, what is -6982323 - 1?
-6982324
In base 11, what is 56090 - -42?
56122
In base 8, what is 4 - 5054573?
-5054567
In base 2, what is 11101011011 - 1000111110111111?
-1000100001100100
In base 6, what is 4 + 3543143232?
3543143240
In base 13, what is -b - -16981599?
1698158b
In base 6, what is -52535002 - -25?
-52534533
In base 5, what is -2243 + 14230224?
14222431
In base 9, what is 1678641111 - 3?
1678641107
In base 7, what is 2 - 6432?
-6430
In base 7, what is -2 + 30352002?
30352000
In base 4, what is -100233100221 + 2?
-100233100213
In base 14, what is -217c - -1c462?
1a2c4
In base 9, what is 55743203 - -4?
55743207
In base 9, what is -8058286 + 12?
-8058274
In base 12, what is 8378 + 11784?
19b40
In base 14, what is -1ca0 + -77?
-1d37
In base 7, what is -14414546 - -42?
-14414504
In base 5, what is -10 + 234213332412?
234213332402
In base 8, what is -4 + -2664706752?
-2664706756
In base 10, what is 265946177 + 